{"id":91,"date":"2025-09-26T12:48:02","date_gmt":"2025-09-26T15:48:02","guid":{"rendered":"https:\/\/www.ufpb.br\/bscpt\/?page_id=91"},"modified":"2025-10-16T20:35:53","modified_gmt":"2025-10-16T23:35:53","slug":"encerramento-do-vinculo","status":"publish","type":"page","link":"https:\/\/www.cpt.ufpb.br\/biblioteca\/encerramento-do-vinculo\/","title":{"rendered":"Encerramento do V\u00ednculo"},"content":{"rendered":"\n<p><\/p>\n\n\n\n<p><br>Tamb\u00e9m chamada de \u201c<em><strong>Nada consta da biblioteca<\/strong><\/em>\u201d, comprova a n\u00e3o exist\u00eancia de pend\u00eancias com as bibliotecas da UFPB, habilitando o usu\u00e1rio a colar grau, solicitar diploma, pedir afastamento para capacita\u00e7\u00e3o (caso de professores e t\u00e9cnicos administrativos).<\/p>\n\n\n\n<p>N\u00e3o havendo pend\u00eancias do usu\u00e1rio, o documento poder\u00e1 ser emitido pelo pr\u00f3prio aluno, atrav\u00e9s do SIGAA.<\/p>\n\n\n\n<p>Em caso de d\u00favidas, o aluno dever\u00e1 entrar em contato com a biblioteca setorial.<\/p>\n\n\n\n<p><\/p>\n","protected":false},"excerpt":{"rendered":"<p>Tamb\u00e9m chamada de \u201cNada consta da biblioteca\u201d, comprova a n\u00e3o exist\u00eancia de pend\u00eancias com as [&hellip;]<\/p>\n","protected":false},"author":424,"featured_media":0,"parent":0,"menu_order":9,"comment_status":"closed","ping_status":"closed","template":"","meta":{"footnotes":""},"class_list":["post-91","page","type-page","status-publish","hentry"],"_links":{"self":[{"href":"https:\/\/www.cpt.ufpb.br\/biblioteca\/wp-json\/wp\/v2\/pages\/91","targetHints":{"allow":["GET"]}}],"collection":[{"href":"https:\/\/www.cpt.ufpb.br\/biblioteca\/wp-json\/wp\/v2\/pages"}],"about":[{"href":"https:\/\/www.cpt.ufpb.br\/biblioteca\/wp-json\/wp\/v2\/types\/page"}],"author":[{"embeddable":true,"href":"https:\/\/www.cpt.ufpb.br\/biblioteca\/wp-json\/wp\/v2\/users\/424"}],"replies":[{"embeddable":true,"href":"https:\/\/www.cpt.ufpb.br\/biblioteca\/wp-json\/wp\/v2\/comments?post=91"}],"version-history":[{"count":5,"href":"https:\/\/www.cpt.ufpb.br\/biblioteca\/wp-json\/wp\/v2\/pages\/91\/revisions"}],"predecessor-version":[{"id":281,"href":"https:\/\/www.cpt.ufpb.br\/biblioteca\/wp-json\/wp\/v2\/pages\/91\/revisions\/281"}],"wp:attachment":[{"href":"https:\/\/www.cpt.ufpb.br\/biblioteca\/wp-json\/wp\/v2\/media?parent=91"}],"curies":[{"name":"wp","href":"https:\/\/api.w.org\/{rel}","templated":true}]}}