{"id":87,"date":"2025-09-26T12:44:48","date_gmt":"2025-09-26T15:44:48","guid":{"rendered":"https:\/\/www.ufpb.br\/bscpt\/?page_id=87"},"modified":"2025-10-21T20:37:32","modified_gmt":"2025-10-21T23:37:32","slug":"perda-de-material","status":"publish","type":"page","link":"https:\/\/www.cpt.ufpb.br\/biblioteca\/perda-de-material\/","title":{"rendered":"Perda e Dano de Material"},"content":{"rendered":"\n<h2 class=\"wp-block-heading\"><div class=\"linha-header\"><strong>Extravio, Roubo, Furto ou  Dano<\/strong><\/div><\/h2>\n\n\n\n<p><\/p>\n\n\n\n<p>Nos casos de roubo, furto, extravio ou dano (rasuras, rasgaduras e outras avarias) ao livro emprestado, \u00e9 obrigat\u00f3ria a reposi\u00e7\u00e3o com t\u00edtulo igual (mesma edi\u00e7\u00e3o ou mais atual, em perfeito estado para uso). Em caso de edi\u00e7\u00e3o esgotada, a reposi\u00e7\u00e3o deve ser feita conforme material indicado pela biblioteca. <\/p>\n\n\n\n<p>O roubo ou furto do livro n\u00e3o isenta o usu\u00e1rio do pagamento de multa, mesmo com a apresenta\u00e7\u00e3o de Boletim de Ocorr\u00eancia. <\/p>\n\n\n\n<p>A multa cessar\u00e1 apenas com a comunica\u00e7\u00e3o do fato \u00e0 biblioteca, quando ser\u00e1 aberto no SIGAA prazo de <strong>30 dias<\/strong> para reposi\u00e7\u00e3o do material.<\/p>\n\n\n\n<p>Se o material n\u00e3o for reposto dentro do prazo, o SIGAA retornar\u00e1, automaticamente, a contagem da multa.<\/p>\n\n\n\n<p><\/p>\n","protected":false},"excerpt":{"rendered":"<p>Extravio, Roubo, Furto ou Dano Nos casos de roubo, furto, extravio ou dano (rasuras, rasgaduras [&hellip;]<\/p>\n","protected":false},"author":424,"featured_media":0,"parent":0,"menu_order":7,"comment_status":"closed","ping_status":"closed","template":"","meta":{"footnotes":""},"class_list":["post-87","page","type-page","status-publish","hentry"],"_links":{"self":[{"href":"https:\/\/www.cpt.ufpb.br\/biblioteca\/wp-json\/wp\/v2\/pages\/87","targetHints":{"allow":["GET"]}}],"collection":[{"href":"https:\/\/www.cpt.ufpb.br\/biblioteca\/wp-json\/wp\/v2\/pages"}],"about":[{"href":"https:\/\/www.cpt.ufpb.br\/biblioteca\/wp-json\/wp\/v2\/types\/page"}],"author":[{"embeddable":true,"href":"https:\/\/www.cpt.ufpb.br\/biblioteca\/wp-json\/wp\/v2\/users\/424"}],"replies":[{"embeddable":true,"href":"https:\/\/www.cpt.ufpb.br\/biblioteca\/wp-json\/wp\/v2\/comments?post=87"}],"version-history":[{"count":4,"href":"https:\/\/www.cpt.ufpb.br\/biblioteca\/wp-json\/wp\/v2\/pages\/87\/revisions"}],"predecessor-version":[{"id":418,"href":"https:\/\/www.cpt.ufpb.br\/biblioteca\/wp-json\/wp\/v2\/pages\/87\/revisions\/418"}],"wp:attachment":[{"href":"https:\/\/www.cpt.ufpb.br\/biblioteca\/wp-json\/wp\/v2\/media?parent=87"}],"curies":[{"name":"wp","href":"https:\/\/api.w.org\/{rel}","templated":true}]}}