{"id":8,"date":"2025-09-24T16:05:30","date_gmt":"2025-09-24T19:05:30","guid":{"rendered":"https:\/\/www.ufpb.br\/bscpt\/?page_id=8"},"modified":"2025-10-04T20:36:11","modified_gmt":"2025-10-04T23:36:11","slug":"apresentacao","status":"publish","type":"page","link":"https:\/\/www.cpt.ufpb.br\/biblioteca\/apresentacao\/","title":{"rendered":"Apresenta\u00e7\u00e3o"},"content":{"rendered":"\n<p><\/p>\n\n\n\n<p id=\"block-d024f5da-d472-443f-8383-16fce2da6ead\"><\/p>\n\n\n\n<p><br>A&nbsp;Biblioteca Setorial do Centro Profissional e Tecnol\u00f3gico &#8211; Escola T\u00e9cnica de Sa\u00fade da UFPB (CPT- ETS \/UFPB) \u00e9 uma das unidades que comp\u00f5em o Sistema de Bibliotecas da UFPB, se apresenta com fundamental import\u00e2ncia no apoio informacional \u00e0s atividades de Ensino, Pesquisa e Extens\u00e3o propostas pelo Centro.<\/p>\n\n\n\n<p>Toda a comunidade acad\u00eamica (estudantes, professores, t\u00e9cnicos administrativos) e demais interessados, podem utilizar os espa\u00e7os de estudos das Bibliotecas da UFPB e consultar o seu acervo.<\/p>\n\n\n\n<p><\/p>\n\n\n\n<p><\/p>\n\n\n\n<h2 class=\"wp-block-heading\"><div class=\"linha-header\"><strong>Hor\u00e1rio de Funcionamento<\/strong><\/div><\/h2>\n\n\n\n<p><\/p>\n\n\n\n<p>Segunda a sexta-feira, 07:30h \u00e0s 17:00h, ininterrupto.<\/p>\n\n\n\n<p><\/p>\n\n\n\n<h2 class=\"wp-block-heading\"><div class=\"linha-header\"><strong>S<\/strong>ervi\u00e7os<\/div><\/h2>\n\n\n\n<p><\/p>\n\n\n\n<p><\/p>\n\n\n\n<ul class=\"wp-block-list\">\n<li>Empr\u00e9stimo, devolu\u00e7\u00e3o e renova\u00e7\u00e3o de material bibliogr\u00e1fico, para usu\u00e1rios do SIGAA\/UFPB, com v\u00ednculo ativo;<\/li>\n\n\n\n<li>Orienta\u00e7\u00e3o para o cadastro no SIGAA e para a realiza\u00e7\u00e3o do cadastro para utiliza\u00e7\u00e3o dos servi\u00e7os da Biblioteca;<\/li>\n\n\n\n<li>Orienta\u00e7\u00f5es para consulta ao acervo, para acesso aos Portais de Pesquisa e Bibliotecas Digitais, para pagamento de multa, para emiss\u00e3o de NADA CONSTA e orienta\u00e7\u00f5es pontuais sobre normas da ABNT;<\/li>\n\n\n\n<li>Elabora\u00e7\u00e3o de Fichas Catalogr\u00e1ficas;<\/li>\n\n\n\n<li>Computadores com acesso \u00e0 internet para a realiza\u00e7\u00e3o de consultas ao acervo e pesquisas;<\/li>\n\n\n\n<li>Ambiente para estudo com Rede WIFI.<\/li>\n<\/ul>\n\n\n\n<p><\/p>\n\n\n\n<p><br><\/p>\n\n\n\n<p><br><\/p>\n\n\n\n<p><br><\/p>\n\n\n\n<p><br><\/p>\n\n\n\n<p><br><\/p>\n\n\n\n<ul class=\"wp-block-list\"><\/ul>\n\n\n\n<p><\/p>\n\n\n\n<p><\/p>\n\n\n\n<p><\/p>\n\n\n\n<p><\/p>\n","protected":false},"excerpt":{"rendered":"<p>A&nbsp;Biblioteca Setorial do Centro Profissional e Tecnol\u00f3gico &#8211; Escola T\u00e9cnica de Sa\u00fade da UFPB (CPT- [&hellip;]<\/p>\n","protected":false},"author":424,"featured_media":0,"parent":0,"menu_order":1,"comment_status":"closed","ping_status":"closed","template":"","meta":{"footnotes":""},"class_list":["post-8","page","type-page","status-publish","hentry"],"_links":{"self":[{"href":"https:\/\/www.cpt.ufpb.br\/biblioteca\/wp-json\/wp\/v2\/pages\/8","targetHints":{"allow":["GET"]}}],"collection":[{"href":"https:\/\/www.cpt.ufpb.br\/biblioteca\/wp-json\/wp\/v2\/pages"}],"about":[{"href":"https:\/\/www.cpt.ufpb.br\/biblioteca\/wp-json\/wp\/v2\/types\/page"}],"author":[{"embeddable":true,"href":"https:\/\/www.cpt.ufpb.br\/biblioteca\/wp-json\/wp\/v2\/users\/424"}],"replies":[{"embeddable":true,"href":"https:\/\/www.cpt.ufpb.br\/biblioteca\/wp-json\/wp\/v2\/comments?post=8"}],"version-history":[{"count":13,"href":"https:\/\/www.cpt.ufpb.br\/biblioteca\/wp-json\/wp\/v2\/pages\/8\/revisions"}],"predecessor-version":[{"id":201,"href":"https:\/\/www.cpt.ufpb.br\/biblioteca\/wp-json\/wp\/v2\/pages\/8\/revisions\/201"}],"wp:attachment":[{"href":"https:\/\/www.cpt.ufpb.br\/biblioteca\/wp-json\/wp\/v2\/media?parent=8"}],"curies":[{"name":"wp","href":"https:\/\/api.w.org\/{rel}","templated":true}]}}

Apresentação

<p></p>



<p id="block-d024f5da-d472-443f-8383-16fce2da6ead"></p>



<p><br>A&nbsp;Biblioteca Setorial do Centro Profissional e Tecnológico &#8211; Escola Técnica de Saúde da UFPB (CPT- ETS /UFPB) é uma das unidades que compõem o Sistema de Bibliotecas da UFPB, se apresenta com fundamental importância no apoio informacional às atividades de Ensino, Pesquisa e Extensão propostas pelo Centro.</p>



<p>Toda a comunidade acadêmica (estudantes, professores, técnicos administrativos) e demais interessados, podem utilizar os espaços de estudos das Bibliotecas da UFPB e consultar o seu acervo.</p>



<p></p>



<p></p>



<h2 class="wp-block-heading"><div class="linha-header"><strong>Horário de Funcionamento</strong></div></h2>



<p></p>



<p>Segunda a sexta-feira, 07:30h às 17:00h, ininterrupto.</p>



<p></p>



<h2 class="wp-block-heading"><div class="linha-header"><strong>S</strong>erviços</div></h2>



<p></p>



<p></p>



<ul class="wp-block-list">
<li>Empréstimo, devolução e renovação de material bibliográfico, para usuários do SIGAA/UFPB, com vínculo ativo;</li>



<li>Orientação para o cadastro no SIGAA e para a realização do cadastro para utilização dos serviços da Biblioteca;</li>



<li>Orientações para consulta ao acervo, para acesso aos Portais de Pesquisa e Bibliotecas Digitais, para pagamento de multa, para emissão de NADA CONSTA e orientações pontuais sobre normas da ABNT;</li>



<li>Elaboração de Fichas Catalográficas;</li>



<li>Computadores com acesso à internet para a realização de consultas ao acervo e pesquisas;</li>



<li>Ambiente para estudo com Rede WIFI.</li>
</ul>



<p></p>



<p><br></p>



<p><br></p>



<p><br></p>



<p><br></p>



<p><br></p>



<ul class="wp-block-list"></ul>



<p></p>



<p></p>



<p></p>



<p></p>

<p>A&nbsp;Biblioteca Setorial do Centro Profissional e Tecnológico &#8211; Escola Técnica de Saúde da UFPB (CPT- [&hellip;]</p>
