{"id":62,"date":"2025-09-26T10:55:21","date_gmt":"2025-09-26T13:55:21","guid":{"rendered":"https:\/\/www.ufpb.br\/bscpt\/?page_id=62"},"modified":"2025-10-22T10:13:20","modified_gmt":"2025-10-22T13:13:20","slug":"base-de-dados-digitais","status":"publish","type":"page","link":"https:\/\/www.cpt.ufpb.br\/biblioteca\/base-de-dados-digitais\/","title":{"rendered":"Base de dados Digitais"},"content":{"rendered":"\n<p><\/p>\n\n\n\n<h2 class=\"wp-block-heading\"><div class=\"linha-header\">Portais de Pesquisa e Bases de Dados Digitais<\/div><\/h2>\n\n\n\n<p><\/p>\n\n\n\n<p>O Sistema de Bibliotecas da Universidade Federal da Para\u00edba oferece \u00e0 comunidade acad\u00eamica \u2014 estudantes, Professores e T\u00e9cnico-administrativos \u2014 acesso online a diversos portais de pesquisa e bases de dados, tanto dentro quanto fora do ambiente da UFPB. Para conferir e acessar os recursos dispon\u00edveis, consulte as informa\u00e7\u00f5es abaixo.<\/p>\n\n\n\n<ul class=\"wp-block-list\">\n<li>Para&nbsp;<strong>acessar<\/strong>&nbsp;alguns dos portais abaixo,&nbsp;fora do ambiente de rede da UFPB,&nbsp;o usu\u00e1rio deve&nbsp;<strong>baixar e instalar<\/strong>&nbsp;o navegador Firefox UFPB. Em seguida, entrar com seus dados de&nbsp;<em>login<\/em>&nbsp;do SIGAA. Para mais informa\u00e7\u00f5es, acesse&nbsp;<strong><a href=\"https:\/\/www.sti.ufpb.br\/firefox-ufpb\/\" target=\"_blank\" rel=\"noreferrer noopener\">aqui<\/a><\/strong>, utilizando,&nbsp; preferencialmente, o&nbsp;<strong>navegador MOZILLA<\/strong>.<\/li>\n\n\n\n<li>A <strong>Biblioteca Central<\/strong> disponibiliza alguns tutoriais dos Portais de Pesquisa e Base de Dados Digitais,  <a href=\"https:\/\/www.biblioteca.ufpb.br\/biblioteca\/contents\/menu\/copy_of_servicos\/copy_of_portais-de-pesquisa-e-bases-de-dados\" data-type=\"link\" data-id=\"https:\/\/www.biblioteca.ufpb.br\/biblioteca\/contents\/menu\/copy_of_servicos\/copy_of_portais-de-pesquisa-e-bases-de-dados\" target=\"_blank\" rel=\"noreferrer noopener\">Click aqui<\/a> para conhecer e facilitar o acesso \u00e0s bases de dados. <\/li>\n<\/ul>\n\n\n\n<p><\/p>\n","protected":false},"excerpt":{"rendered":"<p>Portais de Pesquisa e Bases de Dados Digitais O Sistema de Bibliotecas da Universidade Federal [&hellip;]<\/p>\n","protected":false},"author":424,"featured_media":0,"parent":0,"menu_order":9,"comment_status":"closed","ping_status":"closed","template":"","meta":{"footnotes":""},"class_list":["post-62","page","type-page","status-publish","hentry"],"_links":{"self":[{"href":"https:\/\/www.cpt.ufpb.br\/biblioteca\/wp-json\/wp\/v2\/pages\/62","targetHints":{"allow":["GET"]}}],"collection":[{"href":"https:\/\/www.cpt.ufpb.br\/biblioteca\/wp-json\/wp\/v2\/pages"}],"about":[{"href":"https:\/\/www.cpt.ufpb.br\/biblioteca\/wp-json\/wp\/v2\/types\/page"}],"author":[{"embeddable":true,"href":"https:\/\/www.cpt.ufpb.br\/biblioteca\/wp-json\/wp\/v2\/users\/424"}],"replies":[{"embeddable":true,"href":"https:\/\/www.cpt.ufpb.br\/biblioteca\/wp-json\/wp\/v2\/comments?post=62"}],"version-history":[{"count":6,"href":"https:\/\/www.cpt.ufpb.br\/biblioteca\/wp-json\/wp\/v2\/pages\/62\/revisions"}],"predecessor-version":[{"id":436,"href":"https:\/\/www.cpt.ufpb.br\/biblioteca\/wp-json\/wp\/v2\/pages\/62\/revisions\/436"}],"wp:attachment":[{"href":"https:\/\/www.cpt.ufpb.br\/biblioteca\/wp-json\/wp\/v2\/media?parent=62"}],"curies":[{"name":"wp","href":"https:\/\/api.w.org\/{rel}","templated":true}]}}