{"id":11,"date":"2025-09-24T16:10:49","date_gmt":"2025-09-24T19:10:49","guid":{"rendered":"https:\/\/www.ufpb.br\/bscpt\/?page_id=11"},"modified":"2026-02-13T10:22:59","modified_gmt":"2026-02-13T13:22:59","slug":"equipe","status":"publish","type":"page","link":"https:\/\/www.cpt.ufpb.br\/biblioteca\/equipe\/","title":{"rendered":"Equipe"},"content":{"rendered":"\n<p>Atualmente contamos com os seguintes Servidores:<\/p>\n\n\n\n<h2 class=\"wp-block-heading\"><div class=\"linha-header\">Bibliotec\u00e1rios<\/div><\/h2>\n\n\n\n<ul class=\"wp-block-list\">\n<li><strong>Christine Dantas Ben\u00edcio<\/strong> (Bibliotec\u00e1ria &#8211; Coordenadora da Biblioteca)<\/li>\n<\/ul>\n\n\n\n<p>Email: <a href=\"mailto:christine@ets.ufpb.br\">christine@ets.ufpb.br<\/a><\/p>\n\n\n\n<p>Curr\u00edculo Lattes: <a href=\"http:\/\/lattes.cnpq.br\/0274712564756417\"> http:\/\/lattes.cnpq.br\/0274712564756417<\/a><\/p>\n\n\n\n<p><\/p>\n\n\n\n<ul class=\"wp-block-list\">\n<li><strong>Glaucia Michelyne Paes de Lima<\/strong> (Bibliotec\u00e1ria)<\/li>\n<\/ul>\n\n\n\n<p>Email: <a href=\"mailto:glaucia_paes@yahoo.com.br\">glaucia_paes@yahoo.com.br<\/a><\/p>\n\n\n\n<p>Curr\u00edculo Lattes:<a href=\"http:\/\/lattes.cnpq.br\/6850939986477461\">http:\/\/lattes.cnpq.br\/6850939986477461<\/a><\/p>\n\n\n\n<p><\/p>\n\n\n\n<ul class=\"wp-block-list\">\n<li><strong>Rosa Sylvana da Silva Mousinho<\/strong> (Bibliotec\u00e1ria) <\/li>\n\n\n\n<li>Respons\u00e1vel pela Cria\u00e7\u00e3o e Atualiza\u00e7\u00e3o do Site<\/li>\n<\/ul>\n\n\n\n<p>Email: <a href=\"mailto:syllmouser@biblioteca.ufpb.br\">syllmouser@biblioteca.ufpb.br<\/a><\/p>\n\n\n\n<p>Curr\u00edculo Lattes: <a href=\"http:\/\/lattes.cnpq.br\/8433161234321603\">http:\/\/lattes.cnpq.br\/8433161234321603<\/a><\/p>\n\n\n\n<p><\/p>\n\n\n\n<ul class=\"wp-block-list\">\n<li><strong>Vicente Paulo Ramalho<\/strong> (Bibliotec\u00e1rio)<\/li>\n<\/ul>\n\n\n\n<p>Email: <a href=\"mailto:vicente.paulo.ramalho@academico.ufpb.br\">vicente.paulo.ramalho@academico.ufpb.br<\/a><\/p>\n\n\n\n<p>Curr\u00edculo Lattes: <a href=\"http:\/\/lattes.cnpq.br\/7031377433071280\">http:\/\/lattes.cnpq.br\/7031377433071280<\/a><\/p>\n\n\n\n<p><\/p>\n","protected":false},"excerpt":{"rendered":"<p>Atualmente contamos com os seguintes Servidores: Bibliotec\u00e1rios Email: christine@ets.ufpb.br Curr\u00edculo Lattes: http:\/\/lattes.cnpq.br\/0274712564756417 Email: glaucia_paes@yahoo.com.br Curr\u00edculo [&hellip;]<\/p>\n","protected":false},"author":424,"featured_media":0,"parent":0,"menu_order":2,"comment_status":"closed","ping_status":"closed","template":"","meta":{"footnotes":""},"class_list":["post-11","page","type-page","status-publish","hentry"],"_links":{"self":[{"href":"https:\/\/www.cpt.ufpb.br\/biblioteca\/wp-json\/wp\/v2\/pages\/11","targetHints":{"allow":["GET"]}}],"collection":[{"href":"https:\/\/www.cpt.ufpb.br\/biblioteca\/wp-json\/wp\/v2\/pages"}],"about":[{"href":"https:\/\/www.cpt.ufpb.br\/biblioteca\/wp-json\/wp\/v2\/types\/page"}],"author":[{"embeddable":true,"href":"https:\/\/www.cpt.ufpb.br\/biblioteca\/wp-json\/wp\/v2\/users\/424"}],"replies":[{"embeddable":true,"href":"https:\/\/www.cpt.ufpb.br\/biblioteca\/wp-json\/wp\/v2\/comments?post=11"}],"version-history":[{"count":18,"href":"https:\/\/www.cpt.ufpb.br\/biblioteca\/wp-json\/wp\/v2\/pages\/11\/revisions"}],"predecessor-version":[{"id":635,"href":"https:\/\/www.cpt.ufpb.br\/biblioteca\/wp-json\/wp\/v2\/pages\/11\/revisions\/635"}],"wp:attachment":[{"href":"https:\/\/www.cpt.ufpb.br\/biblioteca\/wp-json\/wp\/v2\/media?parent=11"}],"curies":[{"name":"wp","href":"https:\/\/api.w.org\/{rel}","templated":true}]}}