{"id":102,"date":"2025-09-26T13:02:06","date_gmt":"2025-09-26T16:02:06","guid":{"rendered":"https:\/\/www.ufpb.br\/bscpt\/?page_id=102"},"modified":"2025-10-29T08:50:01","modified_gmt":"2025-10-29T11:50:01","slug":"termo-de-doacao","status":"publish","type":"page","link":"https:\/\/www.cpt.ufpb.br\/biblioteca\/termo-de-doacao\/","title":{"rendered":"Termo de Doa\u00e7\u00e3o"},"content":{"rendered":"\n<p>O documento trata do processo de doa\u00e7\u00e3o de materiais para o Sistema de Bibliotecas da Universidade Federal da Para\u00edba (UFPB), incluindo as condi\u00e7\u00f5es e diretrizes para aceita\u00e7\u00e3o dos itens doados.<\/p>\n\n\n\n<div class=\"wp-block-file\"><a id=\"wp-block-file--media-1c89f698-11f0-4620-b4d9-5bf2496b698e\" href=\"http:\/\/www.cpt.ufpb.br\/biblioteca\/wp-content\/uploads\/sites\/79\/sites\/390\/2025\/10\/TERMO-DE-DOACAO-ATUALIZADO-03-10-25.pdf\">TERMO DE DOA\u00c7\u00c3O ATUALIZADO<\/a><a href=\"http:\/\/www.cpt.ufpb.br\/biblioteca\/wp-content\/uploads\/sites\/79\/sites\/390\/2025\/10\/TERMO-DE-DOACAO-ATUALIZADO-03-10-25.pdf\" class=\"wp-block-file__button wp-element-button\" download aria-describedby=\"wp-block-file--media-1c89f698-11f0-4620-b4d9-5bf2496b698e\">Baixar<\/a><\/div>\n","protected":false},"excerpt":{"rendered":"<p>O documento trata do processo de doa\u00e7\u00e3o de materiais para o Sistema de Bibliotecas da [&hellip;]<\/p>\n","protected":false},"author":424,"featured_media":0,"parent":0,"menu_order":4,"comment_status":"closed","ping_status":"closed","template":"","meta":{"footnotes":""},"class_list":["post-102","page","type-page","status-publish","hentry"],"_links":{"self":[{"href":"https:\/\/www.cpt.ufpb.br\/biblioteca\/wp-json\/wp\/v2\/pages\/102","targetHints":{"allow":["GET"]}}],"collection":[{"href":"https:\/\/www.cpt.ufpb.br\/biblioteca\/wp-json\/wp\/v2\/pages"}],"about":[{"href":"https:\/\/www.cpt.ufpb.br\/biblioteca\/wp-json\/wp\/v2\/types\/page"}],"author":[{"embeddable":true,"href":"https:\/\/www.cpt.ufpb.br\/biblioteca\/wp-json\/wp\/v2\/users\/424"}],"replies":[{"embeddable":true,"href":"https:\/\/www.cpt.ufpb.br\/biblioteca\/wp-json\/wp\/v2\/comments?post=102"}],"version-history":[{"count":6,"href":"https:\/\/www.cpt.ufpb.br\/biblioteca\/wp-json\/wp\/v2\/pages\/102\/revisions"}],"predecessor-version":[{"id":445,"href":"https:\/\/www.cpt.ufpb.br\/biblioteca\/wp-json\/wp\/v2\/pages\/102\/revisions\/445"}],"wp:attachment":[{"href":"https:\/\/www.cpt.ufpb.br\/biblioteca\/wp-json\/wp\/v2\/media?parent=102"}],"curies":[{"name":"wp","href":"https:\/\/api.w.org\/{rel}","templated":true}]}}