{"id":100,"date":"2025-09-26T13:00:53","date_gmt":"2025-09-26T16:00:53","guid":{"rendered":"https:\/\/www.ufpb.br\/bscpt\/?page_id=100"},"modified":"2025-11-14T11:08:51","modified_gmt":"2025-11-14T14:08:51","slug":"folder-informativo","status":"publish","type":"page","link":"https:\/\/www.cpt.ufpb.br\/biblioteca\/folder-informativo\/","title":{"rendered":"Folder Informativo"},"content":{"rendered":"\n<p><\/p>\n\n\n\n<p>O Folder apresenta os servi\u00e7os, normas e funcionamento da Biblioteca Setorial do CPT-ETS\/UFPB. Ele informa sobre o acesso ao acervo f\u00edsico e digital, regras de empr\u00e9stimo e devolu\u00e7\u00e3o de livros, orienta\u00e7\u00f5es para uso do SIGAA, penalidades por atraso, procedimentos em caso de extravio ou dano, emiss\u00e3o de \u201cNada Consta\u201d e uso dos espa\u00e7os de estudo. Tamb\u00e9m traz os contatos da equipe e canais de comunica\u00e7\u00e3o da biblioteca.<\/p>\n\n\n\n<div class=\"wp-block-file\"><a id=\"wp-block-file--media-da1b8e43-1036-48de-8edb-7d1e3c03517f\" href=\"http:\/\/www.cpt.ufpb.br\/biblioteca\/wp-content\/uploads\/sites\/79\/sites\/390\/2025\/11\/biblioteca-setorial-folder-informativo.pdf\">FOLDER INFORMATIVO DA BIBLIOTECA SETORIAL CPT-ETS<\/a><a href=\"http:\/\/www.cpt.ufpb.br\/biblioteca\/wp-content\/uploads\/sites\/79\/sites\/390\/2025\/11\/biblioteca-setorial-folder-informativo.pdf\" class=\"wp-block-file__button wp-element-button\" download aria-describedby=\"wp-block-file--media-da1b8e43-1036-48de-8edb-7d1e3c03517f\">Baixar<\/a><\/div>\n","protected":false},"excerpt":{"rendered":"<p>O Folder apresenta os servi\u00e7os, normas e funcionamento da Biblioteca Setorial do CPT-ETS\/UFPB. Ele informa [&hellip;]<\/p>\n","protected":false},"author":424,"featured_media":0,"parent":0,"menu_order":3,"comment_status":"closed","ping_status":"closed","template":"","meta":{"footnotes":""},"class_list":["post-100","page","type-page","status-publish","hentry"],"_links":{"self":[{"href":"https:\/\/www.cpt.ufpb.br\/biblioteca\/wp-json\/wp\/v2\/pages\/100","targetHints":{"allow":["GET"]}}],"collection":[{"href":"https:\/\/www.cpt.ufpb.br\/biblioteca\/wp-json\/wp\/v2\/pages"}],"about":[{"href":"https:\/\/www.cpt.ufpb.br\/biblioteca\/wp-json\/wp\/v2\/types\/page"}],"author":[{"embeddable":true,"href":"https:\/\/www.cpt.ufpb.br\/biblioteca\/wp-json\/wp\/v2\/users\/424"}],"replies":[{"embeddable":true,"href":"https:\/\/www.cpt.ufpb.br\/biblioteca\/wp-json\/wp\/v2\/comments?post=100"}],"version-history":[{"count":5,"href":"https:\/\/www.cpt.ufpb.br\/biblioteca\/wp-json\/wp\/v2\/pages\/100\/revisions"}],"predecessor-version":[{"id":531,"href":"https:\/\/www.cpt.ufpb.br\/biblioteca\/wp-json\/wp\/v2\/pages\/100\/revisions\/531"}],"wp:attachment":[{"href":"https:\/\/www.cpt.ufpb.br\/biblioteca\/wp-json\/wp\/v2\/media?parent=100"}],"curies":[{"name":"wp","href":"https:\/\/api.w.org\/{rel}","templated":true}]}}